{"id":106,"date":"2019-04-24T08:50:59","date_gmt":"2019-04-24T06:50:59","guid":{"rendered":"http:\/\/comomolo.com\/?page_id=106"},"modified":"2019-04-24T12:50:15","modified_gmt":"2019-04-24T10:50:15","slug":"viajes","status":"publish","type":"page","link":"https:\/\/comomolo.com\/index.php\/viajes\/","title":{"rendered":"Viajes"},"content":{"rendered":"\n<ul><li>Amsterdam Mayo 1998. (7\u00aa Copa de Europa Real Madrid). <a rel=\"noreferrer noopener\" aria-label=\"Galer\u00eda en Flick (abre en una nueva pesta\u00f1a)\" href=\"https:\/\/www.flickr.com\/photos\/el_perez\/albums\/72157704739437782\" target=\"_blank\">Galer\u00eda en Flick<\/a><\/li><li>Glasgow Mayo 2002 (9\u00aa Copa de Europa del Real Madrid) <a rel=\"noreferrer noopener\" aria-label=\"Galer\u00eda en Flick (abre en una nueva pesta\u00f1a)\" href=\"https:\/\/www.flickr.com\/photos\/el_perez\/albums\/72157704739942612\" target=\"_blank\">Galer\u00eda en Flick<\/a><\/li><li> Deporte Aventura en el Nogera-Pallaresa (LLeida) Agosto 2002. <a href=\"https:\/\/www.flickr.com\/photos\/el_perez\/albums\/72157706712939711\" target=\"_blank\" rel=\"noreferrer noopener\" aria-label=\"Galer\u00eda en Flick (abre en una nueva pesta\u00f1a)\">Galer\u00eda en Flick<\/a><\/li><li>M\u00f3naco Septiembre 2002 (Supercopa de Europa: Real Madrid-Feyenoord). <a rel=\"noreferrer noopener\" aria-label=\"Galer\u00eda en Flickr (abre en una nueva pesta\u00f1a)\" href=\"https:\/\/www.flickr.com\/photos\/el_perez\/albums\/72157594420065946\" target=\"_blank\">Galer\u00eda en Flickr<\/a><\/li><li>Viena 2003.<a rel=\"noreferrer noopener\" href=\"https:\/\/www.flickr.com\/photos\/el_perez\/albums\/72157594419897974\" target=\"_blank\">Galer\u00eda en Flickr<\/a><\/li><li>Madrid 2003. <a rel=\"noreferrer noopener\" aria-label=\" (abre en una nueva pesta\u00f1a)\" href=\"https:\/\/www.flickr.com\/photos\/el_perez\/albums\/72157594421319244\" target=\"_blank\">Galer\u00eda en Flickr<\/a><\/li><li>Roma 2006. <a rel=\"noreferrer noopener\" aria-label=\"Galer\u00eda en Flickr (abre en una nueva pesta\u00f1a)\" href=\"https:\/\/www.flickr.com\/photos\/el_perez\/albums\/72157680041722858\" target=\"_blank\">Galer\u00eda en Flickr<\/a><\/li><li>Mallorca 2006. <a rel=\"noreferrer noopener\" href=\"https:\/\/www.flickr.com\/photos\/el_perez\/albums\/72157594366161405\" target=\"_blank\">Galer\u00eda en Flickr<\/a><\/li><li>San Sebastian 2006. <a rel=\"noreferrer noopener\" aria-label=\"Galer\u00eda en Flick (abre en una nueva pesta\u00f1a)\" href=\"https:\/\/www.flickr.com\/photos\/el_perez\/albums\/72157594364835175\" target=\"_blank\">Galer\u00eda en Flickr<\/a><\/li><li>\u00c1vila 2007. <a rel=\"noreferrer noopener\" aria-label=\"Galer\u00eda en Flickr (abre en una nueva pesta\u00f1a)\" href=\"https:\/\/www.flickr.com\/photos\/el_perez\/albums\/72157600090115986\" target=\"_blank\">Galer\u00eda en Flickr<\/a><\/li><li>Getxo 2007. <a rel=\"noreferrer noopener\" aria-label=\"Galer\u00eda en Flickr (abre en una nueva pesta\u00f1a)\" href=\"https:\/\/www.flickr.com\/photos\/el_perez\/sets\/72157602030702937\" target=\"_blank\">Galer\u00eda en Flickr<\/a><\/li><li><strong>Eurocopa 2008<\/strong><ul wfd-id=\"73\"><li>Viena. <a rel=\"noreferrer noopener\" aria-label=\"Galer\u00eda en Flick (abre en una nueva pesta\u00f1a)\" href=\"https:\/\/www.flickr.com\/photos\/el_perez\/albums\/72157605945212269\" target=\"_blank\">Galer\u00eda en Flickr<\/a><\/li><li>Salzburgo. <a rel=\"noreferrer noopener\" aria-label=\"Galer\u00eda en Flick (abre en una nueva pesta\u00f1a)\" href=\"https:\/\/www.flickr.com\/photos\/el_perez\/sets\/72157605940622546\" target=\"_blank\">Galer\u00eda en Flickr<\/a><\/li><li>Innsbruck. <a rel=\"noreferrer noopener\" aria-label=\"Galer\u00eda en Flick (abre en una nueva pesta\u00f1a)\" href=\"https:\/\/www.flickr.com\/photos\/el_perez\/sets\/72157605661988116\" target=\"_blank\">Galer\u00eda en Flickr<\/a><\/li><li>Otros sitios. <a rel=\"noreferrer noopener\" aria-label=\"Galer\u00eda en Flickr (abre en una nueva pesta\u00f1a)\" href=\"https:\/\/www.flickr.com\/photos\/el_perez\/sets\/72157605945345843\" target=\"_blank\">Galer\u00eda en Flickr<\/a><\/li><\/ul><\/li><li><strong>Eire 2018<\/strong><ul><li>Limerick \/ Kyllarney \/ Anillo de Kerry \/ Kenmare \/ Mulkross House. <a rel=\"noreferrer noopener\" aria-label=\"Galer\u00eda en Flickr (abre en una nueva pesta\u00f1a)\" href=\"https:\/\/www.flickr.com\/photos\/el_perez\/albums\/72157677885072587\" target=\"_blank\">Galer\u00eda en Flickr<\/a><\/li><li> Acantilados Moher \/  Castillo Bunratty-FolkPark \/ Killary Fiordo. <a rel=\"noreferrer noopener\" aria-label=\"Galer\u00eda en Flickr (abre en una nueva pesta\u00f1a)\" href=\"https:\/\/www.flickr.com\/photos\/el_perez\/albums\/72157704738714522\" target=\"_blank\">Galer\u00eda en Flickr<\/a><\/li><li>Abad\u00eda de Kylemore \/  Letterkeny. <a rel=\"noreferrer noopener\" aria-label=\" (abre en una nueva pesta\u00f1a)\" href=\"https:\/\/www.flickr.com\/photos\/el_perez\/albums\/72157691070631233\" target=\"_blank\">Galer\u00eda en Flickr<\/a><\/li><li>Belfast \/ La Calzada de los Gigantes. <a rel=\"noreferrer noopener\" aria-label=\"Galer\u00eda en Flickr (abre en una nueva pesta\u00f1a)\" href=\"https:\/\/www.flickr.com\/photos\/el_perez\/albums\/72157704738549772\" target=\"_blank\">Galer\u00eda en Flickr<\/a><\/li><li>Dubl\u00edn. <a rel=\"noreferrer noopener\" aria-label=\"Galer\u00eda en Flickr (abre en una nueva pesta\u00f1a)\" href=\"https:\/\/www.flickr.com\/photos\/el_perez\/albums\/72157706711236821\" target=\"_blank\">Galer\u00eda en Flickr<\/a><\/li><\/ul><\/li><\/ul>\n\n\n\n<p><\/p>\n","protected":false},"excerpt":{"rendered":"<p>Amsterdam Mayo 1998. (7\u00aa Copa de Europa Real Madrid). Galer\u00eda en Flick Glasgow Mayo 2002 (9\u00aa Copa de Europa del Real Madrid) Galer\u00eda en Flick Deporte Aventura en el Nogera-Pallaresa (LLeida) Agosto 2002. Galer\u00eda en Flick M\u00f3naco Septiembre 2002 (Supercopa de Europa: Real Madrid-Feyenoord). Galer\u00eda en Flickr Viena 2003.Galer\u00eda en&#8230;<\/p>\n<p> <a class=\"continue-reading-link\" href=\"https:\/\/comomolo.com\/index.php\/viajes\/\"><span>Seguir leyendo<\/span><i class=\"crycon-right-dir\"><\/i><\/a> <\/p>\n","protected":false},"author":1,"featured_media":0,"parent":0,"menu_order":0,"comment_status":"closed","ping_status":"closed","template":"","meta":{"footnotes":""},"_links":{"self":[{"href":"https:\/\/comomolo.com\/index.php\/wp-json\/wp\/v2\/pages\/106"}],"collection":[{"href":"https:\/\/comomolo.com\/index.php\/wp-json\/wp\/v2\/pages"}],"about":[{"href":"https:\/\/comomolo.com\/index.php\/wp-json\/wp\/v2\/types\/page"}],"author":[{"embeddable":true,"href":"https:\/\/comomolo.com\/index.php\/wp-json\/wp\/v2\/users\/1"}],"replies":[{"embeddable":true,"href":"https:\/\/comomolo.com\/index.php\/wp-json\/wp\/v2\/comments?post=106"}],"version-history":[{"count":28,"href":"https:\/\/comomolo.com\/index.php\/wp-json\/wp\/v2\/pages\/106\/revisions"}],"predecessor-version":[{"id":140,"href":"https:\/\/comomolo.com\/index.php\/wp-json\/wp\/v2\/pages\/106\/revisions\/140"}],"wp:attachment":[{"href":"https:\/\/comomolo.com\/index.php\/wp-json\/wp\/v2\/media?parent=106"}],"curies":[{"name":"wp","href":"https:\/\/api.w.org\/{rel}","templated":true}]}}